313117
In base 2, what is -1101 - -101110001111001001?
101110001110111100
In base 14, what is 5 + -610cd?
-610c8
In base 14, what is -329263 + 78?
-3291c9
In base 10, what is -1884 - -6134?
4250
In base 16, what is -35f - -e8b0?
e551
In base 14, what is 2bd03 + -108?
2bbd9
In base 3, what is -2011221201 + -10121?
-2012002022
In base 4, what is -11 + 23302233200?
23302233123
In base 8, what is 75 + 4727055?
4727152
In base 7, what is -446252321 + -45?
-446252366
In base 3, what is -12000121 - -111202121100?
111120120202
In base 14, what is 1 - 4285b6?
-4285b5
In base 10, what is -1974352 - 37?
-1974389
In base 7, what is 2666 - 3016?
-20
In base 9, what is -11 + -2078841?
-2078852
In base 10, what is -265000 - 30?
-265030
In base 15, what is -9683 - -172d?
-7e55
In base 6, what is 24 - -505343024?
505343052
In base 5, what is 1312412 + 214?
1313131
In base 7, what is 24305355 + -22?
24305333
In base 14, what is a6d31b - 1?
a6d31a
In base 9, what is -81263111 + 4?
-81263106
In base 6, what is 1533331213 - 0?
1533331213
In base 11, what is -4840984 - -4?
-4840980
In base 11, what is 0 + 959a54?
959a54
In base 13, what is 108 - -60ab9a?
60aca5
In base 15, what is -104 + -280d7?
-281db
In base 14, what is -4cadb9 - 6?
-4cadc1
In base 16, what is 120dcaeb - 3?
120dcae8
In base 9, what is 5112 + 4127?
10240
In base 7, what is -5300 + -2332?
-10632
In base 4, what is -1223012212212 + -2?
-1223012212220
In base 8, what is 1 - -70332026?
70332027
In base 14, what is -546291 + -26?
-5462b7
In base 16, what is -6690df + -15?
-6690f4
In base 15, what is -2639d5 + 1?
-2639d4
In base 8, what is -134506253 + 10?
-134506243
In base 12, what is 99b4b + 98?
9a027
In base 8, what is 52 - 3173740?
-3173666
In base 9, what is 408 + -64152?
-63643
In base 9, what is -26 - -3107764?
3107737
In base 2, what is 101110001 - -1001111001010101?
1001111111000110
In base 2, what is -101001100000000001 + -110011?
-101001100000110100
In base 12, what is -272 + 9478?
9206
In base 7, what is 232 + -5240216?
-5236654
In base 6, what is 350 + 40003?
40353
In base 12, what is b1b + -1034?
-115
In base 13, what is 2bba6 + -35b2?
285c4
In base 9, what is 2374157115 + 5?
2374157121
In base 8, what is 11073077 + -5?
11073072
In base 15, what is -1 + 93c7?
93c6
In base 3, what is 12 - -11002120002102012?
11002120002102101
In base 12, what is 1039 - 1113?
-96
In base 15, what is -408d + -69e9?
-aa87
In base 10, what is -24 - -376143?
376119
In base 5, what is -314120133404 - -2?
-314120133402
In base 3, what is 102200011122202 + -1?
102200011122201
In base 13, what is -71 - 5c8408?
-5c8479
In base 2, what is -1111001 - 10101001100100111111000?
-10101001100101001110001
In base 2, what is 1011100101111001 + 10110101101?
1011111100100110
In base 3, what is 1101002 - 12111120002?
-12110012000
In base 16, what is -7af + 946?
197
In base 5, what is -212321 + -101303?
-314124
In base 7, what is 5626625 - -22?
5626650
In base 8, what is 125 - -1167?
1314
In base 5, what is -2203401321 - 0?
-2203401321
In base 3, what is 11102121221 - -20022?
11102212020
In base 16, what is 5a5d6 - 0?
5a5d6
In base 8, what is 12220 + -73773?
-61553
In base 12, what is a + 166965b?
1669669
In base 12, what is 2401b83 - -4?
2401b87
In base 3, what is -11212111000101 - -2010?
-11212110221021
In base 15, what is -29 - -12308e7?
12308bd
In base 10, what is -1494 + -4320?
-5814
In base 15, what is -79b8b - 4c?
-79bd8
In base 14, what is 203b68a + 11?
203b69b
In base 11, what is 546300 + 26?
546326
In base 9, what is -12 - 1430716?
-1430728
In base 14, what is -4a1 + -16931?
-16dd2
In base 14, what is 3005643 - -6?
3005649
In base 13, what is -3acb + -341?
-413c
In base 13, what is -2 + -83b0245?
-83b0247
In base 9, what is -2640108 - 2?
-2640111
In base 16, what is c - 23fe2?
-23fd6
In base 16, what is 757c + 1031?
85ad
In base 7, what is 150103 + 1455?
151561
In base 16, what is -12728 - 100?
-12828
In base 7, what is 423 - -13660565?
13661321
In base 3, what is -121200 - 11201022?
-12022222
In base 11, what is 4 + -1315614?
-1315610
In base 7, what is 2024202 - 31?
2024141
In base 2, what is 10101101011101000010100001 - -101?
10101101011101000010100110
In base 16, what is 44 - -e6b2?
e6f6
In base 9, what is 45744860 + 21?
45744881
In base 16, what is 4e + -efe8?
-ef9a
In base 13, what is -10 - -62cc17?
62cc07
In base 4, what is -12 + -21311130301?
-21311130313
In base 10, what is -138931 + -16?
-138947
In base 8, what is 1 - -12415264?
12415265
In base 8, what is -16501 + -660?
-17361
In base 11, what is 2733 + 5221?
7954
In base 8, what is 12561142 - -67?
12561231
In base 10, what is -99196 - 20?
-99216
In base 7, what is -20135541 + 41?
-20135500
In base 2, what is 10100100111110001011101 + 110?
10100100111110001100011
In base 11, what is 5 - -7925680?
7925685
In base 8, what is 322 + -10557140?
-10556616
In base 15, what is 5e6a + -8d?
5dcc
In base 3, what is -11200121 - 20000122?
-101201020
In base 9, what is -32 + 7508701?
7508658
In base 10, what is 5 + -230808?
-230803
In base 16, what is 3706 + -27a6?
f60
In base 9, what is -201 - -450747?
450546
In base 15, what is -dd + 1ad58?
1ac6a
In base 11, what is -138 + 52097?
51a5a
In base 6, what is -244502430 + 3?
-244502423
In base 13, what is -1316 - 1ac2?
-3108
In base 12, what is 70188 - -10?
70198
In base 11, what is -16 + 17072955?
1707293a
In base 15, what is a + 2800bb?
2800c6
In base 12, what is -158219 + -68a?
-1588a7
In base 10, what is 0 - -6101917?
6101917
In base 16, what is -2adbaf + -d?
-2adbbc
In base 10, what is 9109 - -433?
9542
In base 6, what is -1523 + -223103?
-225030
In base 13, what is -48 - 127062?
-1270aa
In base 10, what is 6302 - -15364?
21666
In base 6, what is 3001 + -1225542?
-1222541
In base 12, what is 933 - 4237?
-3504
In base 6, what is 2 + 100433451?
100433453
In base 15, what is -384 - abb?
-e50
In base 8, what is -37262652 - 1?
-37262653
In base 14, what is -22a83 + -2775?
-25418
In base 14, what is 1c1bca + 3?
1c1bcd
In base 8, what is -12041 - -4515?
-5324
In base 8, what is 233 + 34125?
34360
In base 16, what is b8373e7 - -2?
b8373e9
In base 2, what is 100 - 10000000011110101100011100?
-10000000011110101100011000
In base 3, what is -201200011 + 1112022?
-200010212
In base 6, what is -2 - -144533451?
144533445
In base 12, what is 288a + 84a23?
876b1
In base 7, what is -32 - -110600303?
110600241
In base 6, what is -30302100 + -32?
-30302132
In base 15, what is -1a - 1e537?
-1e552
In base 9, what is 186 - -1838554?
1838751
In base 14, what is 189cd70 + 22?
189cd92
In base 10, what is -58379760 - 5?
-58379765
In base 8, what is -31460744 - -1?
-31460743
In base 14, what is -1679 + -15487?
-16b22
In base 13, what is 4a - -4352c?
43579
In base 3, what is 0 - 10222111202021?
-10222111202021
In base 15, what is -92d - -1ec?
-731
In base 7, what is -212 - -13141?
12626
In base 2, what is -1101011001101011 - 1010000?
-1101011010111011
In base 5, what is 133310 + -111402?
21403
In base 14, what is 4 + -9b60a?
-9b606
In base 2, what is -1 - -1111101010100001001000001?
1111101010100001001000000
In base 15, what is 48085 + 1b0?
48245
In base 7, what is -1 - 3200235013?
-3200235014
In base 10, what is -5 + 5674510?
5674505
In base 13, what is 41b8b04 + 4?
41b8b08
In base 5, what is -120011 - 1030323?
-1200334
In base 5, what is -131 + 222313403?
222313222
In base 12, what is -1 - -40abb566?
40abb565
In base 6, what is 10 - 430224303?
-430224253
In base 14, what is 39 - 9836?
-97db
In base 8, what is -23352663 - -4?
-23352657
In base 8, what is -5044 + 432674?
425630
In base 2, what is -1000011000111111 + -101000110?
-1000011110000101
In base 3, what is -200 + 10200011001201?
10200011001001
In base 9, what is 8 - 2073261?
-2073252
In base 15, what is b11dd4b + 3?
b11dd4e
In base 2, what is -10000100100111000001001 + -110?
-10000100100111000001111
In base 10, what is -43121 + 69?
-43052
In base 4, what is -1112001131100 - 1?
-1112001131101
In base 13, what is 0 - 4b25b6?
-4b25b6
In base 8, what is 1644 + -210051?
-206205
In base 5, what is 44 + 3310424203?
3310424302
In base 12, what is 31908628 - 5?
31908623
In base 7, what is -1001 - -351542?
350541
In base 15, what is -3e - 21e811?
-21e850
In base 10, what is -13362665 + 44?
-1336